{"id":2924,"date":"2020-03-02T14:15:47","date_gmt":"2020-03-02T13:15:47","guid":{"rendered":"https:\/\/www.komunala-izola.si\/dejavnosti-2-2\/zbiranje-in-odvoz-locenih-odpadkov\/"},"modified":"2020-05-26T13:47:58","modified_gmt":"2020-05-26T11:47:58","slug":"raccolta-e-smaltimento-delle-frazioni-differenziate-di-rifiuti","status":"publish","type":"page","link":"https:\/\/www.komunala-izola.si\/it\/attivita\/raccolta-e-smaltimento-delle-frazioni-differenziate-di-rifiuti\/","title":{"rendered":"Raccolta e smaltimento delle frazioni differenziate di rifiuti"},"content":{"rendered":"<p><section class=\"kc-elm kc-css-161524 kc-animated kc-animate-eff-fadeIn kc_row\"><div class=\" container  page\"><div class=\"row\"><div class=\"kc-elm kc-css-574568 col-12 col-md-12 column col-12 col-md-12 d-flex align-items-center\"><div class=\"kc-col-container\"><div class=\"clear\"><\/div>\n<div class=\"mod-id-222345 kc-elm kc-css-222345 kc-raw-code emigma-icon-box-outer \">\n    <div class=\"layout-grid-4\">\n                                <a target=\"\" href=\"https:\/\/www.komunala-izola.si\/it\/attivita\/raccolta-e-smaltimento-delle-frazioni-differenziate-di-rifiuti\/\" class=\"item d-flex flex-row text-left\">\n                                    <div class=\"item-icon pr-2\">\n                        <?xml version=\"1.0\" encoding=\"UTF-8\"?>\r\n<svg xmlns=\"http:\/\/www.w3.org\/2000\/svg\" width=\"46\" height=\"46\" viewBox=\"0 0 46 46\">\r\n  <g id=\"Group_624\" data-name=\"Group 624\" transform=\"translate(523 -2025.436)\">\r\n    <path id=\"Rectangle_520\" data-name=\"Rectangle 520\" d=\"M15,0H31A15,15,0,0,1,46,15V46a0,0,0,0,1,0,0H15A15,15,0,0,1,0,31V15A15,15,0,0,1,15,0Z\" transform=\"translate(-523 2025.436)\" fill=\"#bdcf00\"\/>\r\n    <path id=\"ic_delete_forever_24px\" d=\"M6.058,19.923a2.122,2.122,0,0,0,2.115,2.115h8.462a2.122,2.122,0,0,0,2.115-2.115V7.231H6.058ZM16.106,4.058,15.048,3H9.76L8.7,4.058H5V6.173H19.808V4.058Z\" transform=\"translate(-512.283 2036.384)\" fill=\"#009845\"\/>\r\n  <\/g>\r\n<\/svg>\r\n                    <\/div>\n                                <div class=\"item-content\">\n                                            <span>Raccolta e smaltimento delle frazioni differenziate di rifiuti<\/span>                                                        <\/div>\n            <\/a>\n                                            <a target=\"\" href=\"https:\/\/www.komunala-izola.si\/it\/attivita\/raccolta-e-smaltimento-dei-rifiuti\/centro-di-raccolta\/\" class=\"item d-flex flex-row text-left\">\n                                    <div class=\"item-icon pr-2\">\n                        <?xml version=\"1.0\" encoding=\"UTF-8\"?>\r\n<svg xmlns=\"http:\/\/www.w3.org\/2000\/svg\" width=\"46\" height=\"46\" viewBox=\"0 0 46 46\">\r\n  <g id=\"Group_624\" data-name=\"Group 624\" transform=\"translate(523 -2025.436)\">\r\n    <path id=\"Rectangle_520\" data-name=\"Rectangle 520\" d=\"M15,0H31A15,15,0,0,1,46,15V46a0,0,0,0,1,0,0H15A15,15,0,0,1,0,31V15A15,15,0,0,1,15,0Z\" transform=\"translate(-523 2025.436)\" fill=\"#bdcf00\"\/>\r\n    <path id=\"ic_delete_forever_24px\" d=\"M6.058,19.923a2.122,2.122,0,0,0,2.115,2.115h8.462a2.122,2.122,0,0,0,2.115-2.115V7.231H6.058ZM16.106,4.058,15.048,3H9.76L8.7,4.058H5V6.173H19.808V4.058Z\" transform=\"translate(-512.283 2036.384)\" fill=\"#009845\"\/>\r\n  <\/g>\r\n<\/svg>\r\n                    <\/div>\n                                <div class=\"item-content\">\n                                            <span>Centro di raccolta<\/span>                                                        <\/div>\n            <\/a>\n                                            <a target=\"\" href=\"https:\/\/www.komunala-izola.si\/it\/attivita\/raccolta-e-smaltimento-dei-rifiuti\/centro-oggetti-recuperabili-cor\/\" class=\"item d-flex flex-row text-left\">\n                                    <div class=\"item-icon pr-2\">\n                        <?xml version=\"1.0\" encoding=\"UTF-8\"?>\r\n<svg xmlns=\"http:\/\/www.w3.org\/2000\/svg\" width=\"46\" height=\"46\" viewBox=\"0 0 46 46\">\r\n  <g id=\"Group_624\" data-name=\"Group 624\" transform=\"translate(523 -2025.436)\">\r\n    <path id=\"Rectangle_520\" data-name=\"Rectangle 520\" d=\"M15,0H31A15,15,0,0,1,46,15V46a0,0,0,0,1,0,0H15A15,15,0,0,1,0,31V15A15,15,0,0,1,15,0Z\" transform=\"translate(-523 2025.436)\" fill=\"#bdcf00\"\/>\r\n    <path id=\"ic_delete_forever_24px\" d=\"M6.058,19.923a2.122,2.122,0,0,0,2.115,2.115h8.462a2.122,2.122,0,0,0,2.115-2.115V7.231H6.058ZM16.106,4.058,15.048,3H9.76L8.7,4.058H5V6.173H19.808V4.058Z\" transform=\"translate(-512.283 2036.384)\" fill=\"#009845\"\/>\r\n  <\/g>\r\n<\/svg>\r\n                    <\/div>\n                                <div class=\"item-content\">\n                                            <span>Centro Oggetti Recuperabili<\/span>                                                        <\/div>\n            <\/a>\n                                            <a target=\"\" href=\"https:\/\/www.komunala-izola.si\/it\/attivita\/raccolta-e-smaltimento-dei-rifiuti\/trattamento-dei-rifiuti-da-costruzione-e-demolizione-ctrcd\/\" class=\"item d-flex flex-row text-left\">\n                                    <div class=\"item-icon pr-2\">\n                        <?xml version=\"1.0\" encoding=\"UTF-8\"?>\r\n<svg xmlns=\"http:\/\/www.w3.org\/2000\/svg\" width=\"46\" height=\"46\" viewBox=\"0 0 46 46\">\r\n  <g id=\"Group_624\" data-name=\"Group 624\" transform=\"translate(523 -2025.436)\">\r\n    <path id=\"Rectangle_520\" data-name=\"Rectangle 520\" d=\"M15,0H31A15,15,0,0,1,46,15V46a0,0,0,0,1,0,0H15A15,15,0,0,1,0,31V15A15,15,0,0,1,15,0Z\" transform=\"translate(-523 2025.436)\" fill=\"#bdcf00\"\/>\r\n    <path id=\"ic_delete_forever_24px\" d=\"M6.058,19.923a2.122,2.122,0,0,0,2.115,2.115h8.462a2.122,2.122,0,0,0,2.115-2.115V7.231H6.058ZM16.106,4.058,15.048,3H9.76L8.7,4.058H5V6.173H19.808V4.058Z\" transform=\"translate(-512.283 2036.384)\" fill=\"#009845\"\/>\r\n  <\/g>\r\n<\/svg>\r\n                    <\/div>\n                                <div class=\"item-content\">\n                                            <span>Trattamento dei rifiuti da costruzione e demolizione<\/span>                                                        <\/div>\n            <\/a>\n                        <\/div>\n<\/div>\n\n\n\n<div class=\"clear\"><\/div>\n<\/div><\/div><\/div><\/div><\/section><section class=\"kc-elm kc-css-299274 kc_row\"><div class=\" container\"><div class=\"row\"><div class=\"kc-elm kc-css-47190 col-12 col-md-12 column col-12 col-md-12\"><div class=\"kc-col-container\"><div class=\"kc-elm kc-css-322980 kc_text_block\"><\/p>\n<h2>\u201cCon la raccolta differenziata dei rifiuti domestici \u00e8 possibile ridurne la quantit\u00e0 di pi\u00f9 del 50 %, in quanto \u00e8 possibile recuperare tali rifiuti e riutilizzarli trasformandoli in oggetti utili.\u201d<\/h2>\n<p>\n<\/div><\/div><\/div><\/div><\/div><\/section><section class=\"kc-elm kc-css-497614 kc_row\"><div class=\" container\"><div class=\"row\"><div class=\"kc-elm kc-css-566855 col-12 col-md-6 column col-12 col-md-6\"><div class=\"kc-col-container\"><div class=\"kc-elm kc-css-581014 kc_text_block\"><\/p>\n<h4>Raccolta dei rifiuti nelle isole ecologiche<\/h4>\n<p>I cittadini di Isola possono conferire le frazioni differenziate di rifiuti negli appositi cassonetti sistemati nelle cosiddette isole ecologiche \u2013 i punti di raccolta dei rifiuti.<\/p>\n<p>I cassonetti destinati alle singole frazioni di rifiuti si distinguono per colore, alcuni sono anche contrassegnati con degli adesivi indicanti le singole tipologie ovvero frazioni di rifiuti.<\/p>\n<p>\n<\/div>\n<div class=\"kc-elm kc-css-402034 kc-title-wrap \">\n\n\t<h2 class=\"kc_title\">Requisiti e suggerimenti per l\u2019allestimento dei punti di raccolta<\/h2>\n<\/div>\n<div class=\"kc-elm kc-css-665986 kc_text_block\"><\/p>\n<p>\n<a href=\"\/wp-content\/uploads\/2020\/01\/ZBIRALNICE-ODPADKOV.pdf\">Scarica il file<\/a><\/p>\n<p>\n<\/div>\n<div class=\"kc-elm kc-css-548233\">\n\t<a class=\"kc_button btn btn-primary\" href=\"https:\/\/www.komunala-izola.si\/it\/attivita\/raccolta-e-smaltimento-dei-rifiuti\/raccolta-dei-rifiuti-nelle-isole-ecologiche\/\" target=\"_self\" title=\"\" onclick=\"\">\n\t\tPer saperne di pi\u00f9\t<\/a>\n<\/div>\n<\/div><\/div><div class=\"kc-elm kc-css-836595 col-12 col-md-6 column col-12 col-md-6\"><div class=\"kc-col-container\"><div class=\"kc-elm kc-css-102818 kc_shortcode kc_single_image\">\n\n        <img decoding=\"async\" src=\"https:\/\/www.komunala-izola.si\/wp-content\/uploads\/2020\/01\/komunala0128.jpg\" class=\"\" alt=\"\" \/>    <\/div>\n<\/div><\/div><\/div><\/div><\/section><section class=\"kc-elm kc-css-903780 kc_row\"><div class=\" container\"><div class=\"row\"><div class=\"kc-elm kc-css-584010 col-12 col-md-6 column col-12 col-md-6\"><div class=\"kc-col-container\"><div class=\"kc-elm kc-css-427731 kc_shortcode kc_single_image\">\n\n        <img decoding=\"async\" src=\"https:\/\/www.komunala-izola.si\/wp-content\/uploads\/2020\/02\/123.jpg\" class=\"\" alt=\"\" \/>    <\/div>\n<\/div><\/div><div class=\"kc-elm kc-css-587545 col-12 col-md-6 column col-12 col-md-6\"><div class=\"kc-col-container\"><div class=\"kc-elm kc-css-967668 kc_text_block\"><\/p>\n<h4>Raccolta dei rifiuti in cassonetti\/raccoglitori speciali<\/h4>\n<p>Per la raccolta di rifiuti ingombranti, ramaglie e sfalci verdi provenienti da orti e giardini, rifiuti pericolosi nonch\u00e9 prodotti tessili e calzature usati vengono promosse apposite iniziative, nell\u2019ambito delle quali tali rifiuti si possono conferire negli appositi cassonetti\/raccoglitori speciali.<\/p>\n<p>\n<\/div>\n<div class=\"kc-elm kc-css-993344\">\n\t<a class=\"kc_button btn btn-primary\" href=\"https:\/\/www.komunala-izola.si\/it\/attivita\/raccolta-dei-rifiuti-in-cassonetti-raccoglitori-speciali\/\" target=\"_self\" title=\"Raccolta dei rifiuti in cassonetti\/raccoglitori speciali\" onclick=\"\">\n\t\tPer saperne di pi\u00f9\t<\/a>\n<\/div>\n<\/div><\/div><\/div><\/div><\/section><\/p>\n","protected":false},"excerpt":{"rendered":"","protected":false},"author":7,"featured_media":0,"parent":2859,"menu_order":0,"comment_status":"closed","ping_status":"closed","template":"page-templates\/fullwidthpage.php","meta":{"_acf_changed":false,"footnotes":""},"class_list":["post-2924","page","type-page","status-publish","hentry"],"acf":[],"_links":{"self":[{"href":"https:\/\/www.komunala-izola.si\/it\/wp-json\/wp\/v2\/pages\/2924","targetHints":{"allow":["GET"]}}],"collection":[{"href":"https:\/\/www.komunala-izola.si\/it\/wp-json\/wp\/v2\/pages"}],"about":[{"href":"https:\/\/www.komunala-izola.si\/it\/wp-json\/wp\/v2\/types\/page"}],"author":[{"embeddable":true,"href":"https:\/\/www.komunala-izola.si\/it\/wp-json\/wp\/v2\/users\/7"}],"replies":[{"embeddable":true,"href":"https:\/\/www.komunala-izola.si\/it\/wp-json\/wp\/v2\/comments?post=2924"}],"version-history":[{"count":0,"href":"https:\/\/www.komunala-izola.si\/it\/wp-json\/wp\/v2\/pages\/2924\/revisions"}],"up":[{"embeddable":true,"href":"https:\/\/www.komunala-izola.si\/it\/wp-json\/wp\/v2\/pages\/2859"}],"wp:attachment":[{"href":"https:\/\/www.komunala-izola.si\/it\/wp-json\/wp\/v2\/media?parent=2924"}],"curies":[{"name":"wp","href":"https:\/\/api.w.org\/{rel}","templated":true}]}}

<p><section class="kc-elm kc-css-161524 kc-animated kc-animate-eff-fadeIn kc_row"><div class=" container  page"><div class="row"><div class="kc-elm kc-css-574568 col-12 col-md-12 column col-12 col-md-12 d-flex align-items-center"><div class="kc-col-container"><div class="clear"></div>
<div class="mod-id-222345 kc-elm kc-css-222345 kc-raw-code emigma-icon-box-outer ">
    <div class="layout-grid-4">
                                <a target="" href="https://www.komunala-izola.si/it/attivita/raccolta-e-smaltimento-delle-frazioni-differenziate-di-rifiuti/" class="item d-flex flex-row text-left">
                                    <div class="item-icon pr-2">
                        <?xml version="1.0" encoding="UTF-8"?>
<svg xmlns="http://www.w3.org/2000/svg" width="46" height="46" viewBox="0 0 46 46">
  <g id="Group_624" data-name="Group 624" transform="translate(523 -2025.436)">
    <path id="Rectangle_520" data-name="Rectangle 520" d="M15,0H31A15,15,0,0,1,46,15V46a0,0,0,0,1,0,0H15A15,15,0,0,1,0,31V15A15,15,0,0,1,15,0Z" transform="translate(-523 2025.436)" fill="#bdcf00"/>
    <path id="ic_delete_forever_24px" d="M6.058,19.923a2.122,2.122,0,0,0,2.115,2.115h8.462a2.122,2.122,0,0,0,2.115-2.115V7.231H6.058ZM16.106,4.058,15.048,3H9.76L8.7,4.058H5V6.173H19.808V4.058Z" transform="translate(-512.283 2036.384)" fill="#009845"/>
  </g>
</svg>
                    </div>
                                <div class="item-content">
                                            <span>Raccolta e smaltimento delle frazioni differenziate di rifiuti</span>                                                        </div>
            </a>
                                            <a target="" href="https://www.komunala-izola.si/it/attivita/raccolta-e-smaltimento-dei-rifiuti/centro-di-raccolta/" class="item d-flex flex-row text-left">
                                    <div class="item-icon pr-2">
                        <?xml version="1.0" encoding="UTF-8"?>
<svg xmlns="http://www.w3.org/2000/svg" width="46" height="46" viewBox="0 0 46 46">
  <g id="Group_624" data-name="Group 624" transform="translate(523 -2025.436)">
    <path id="Rectangle_520" data-name="Rectangle 520" d="M15,0H31A15,15,0,0,1,46,15V46a0,0,0,0,1,0,0H15A15,15,0,0,1,0,31V15A15,15,0,0,1,15,0Z" transform="translate(-523 2025.436)" fill="#bdcf00"/>
    <path id="ic_delete_forever_24px" d="M6.058,19.923a2.122,2.122,0,0,0,2.115,2.115h8.462a2.122,2.122,0,0,0,2.115-2.115V7.231H6.058ZM16.106,4.058,15.048,3H9.76L8.7,4.058H5V6.173H19.808V4.058Z" transform="translate(-512.283 2036.384)" fill="#009845"/>
  </g>
</svg>
                    </div>
                                <div class="item-content">
                                            <span>Centro di raccolta</span>                                                        </div>
            </a>
                                            <a target="" href="https://www.komunala-izola.si/it/attivita/raccolta-e-smaltimento-dei-rifiuti/centro-oggetti-recuperabili-cor/" class="item d-flex flex-row text-left">
                                    <div class="item-icon pr-2">
                        <?xml version="1.0" encoding="UTF-8"?>
<svg xmlns="http://www.w3.org/2000/svg" width="46" height="46" viewBox="0 0 46 46">
  <g id="Group_624" data-name="Group 624" transform="translate(523 -2025.436)">
    <path id="Rectangle_520" data-name="Rectangle 520" d="M15,0H31A15,15,0,0,1,46,15V46a0,0,0,0,1,0,0H15A15,15,0,0,1,0,31V15A15,15,0,0,1,15,0Z" transform="translate(-523 2025.436)" fill="#bdcf00"/>
    <path id="ic_delete_forever_24px" d="M6.058,19.923a2.122,2.122,0,0,0,2.115,2.115h8.462a2.122,2.122,0,0,0,2.115-2.115V7.231H6.058ZM16.106,4.058,15.048,3H9.76L8.7,4.058H5V6.173H19.808V4.058Z" transform="translate(-512.283 2036.384)" fill="#009845"/>
  </g>
</svg>
                    </div>
                                <div class="item-content">
                                            <span>Centro Oggetti Recuperabili</span>                                                        </div>
            </a>
                                            <a target="" href="https://www.komunala-izola.si/it/attivita/raccolta-e-smaltimento-dei-rifiuti/trattamento-dei-rifiuti-da-costruzione-e-demolizione-ctrcd/" class="item d-flex flex-row text-left">
                                    <div class="item-icon pr-2">
                        <?xml version="1.0" encoding="UTF-8"?>
<svg xmlns="http://www.w3.org/2000/svg" width="46" height="46" viewBox="0 0 46 46">
  <g id="Group_624" data-name="Group 624" transform="translate(523 -2025.436)">
    <path id="Rectangle_520" data-name="Rectangle 520" d="M15,0H31A15,15,0,0,1,46,15V46a0,0,0,0,1,0,0H15A15,15,0,0,1,0,31V15A15,15,0,0,1,15,0Z" transform="translate(-523 2025.436)" fill="#bdcf00"/>
    <path id="ic_delete_forever_24px" d="M6.058,19.923a2.122,2.122,0,0,0,2.115,2.115h8.462a2.122,2.122,0,0,0,2.115-2.115V7.231H6.058ZM16.106,4.058,15.048,3H9.76L8.7,4.058H5V6.173H19.808V4.058Z" transform="translate(-512.283 2036.384)" fill="#009845"/>
  </g>
</svg>
                    </div>
                                <div class="item-content">
                                            <span>Trattamento dei rifiuti da costruzione e demolizione</span>                                                        </div>
            </a>
                        </div>
</div>



<div class="clear"></div>
</div></div></div></div></section><section class="kc-elm kc-css-299274 kc_row"><div class=" container"><div class="row"><div class="kc-elm kc-css-47190 col-12 col-md-12 column col-12 col-md-12"><div class="kc-col-container"><div class="kc-elm kc-css-322980 kc_text_block"></p>
<h2>“Con la raccolta differenziata dei rifiuti domestici è possibile ridurne la quantità di più del 50 %, in quanto è possibile recuperare tali rifiuti e riutilizzarli trasformandoli in oggetti utili.”</h2>
<p>
</div></div></div></div></div></section><section class="kc-elm kc-css-497614 kc_row"><div class=" container"><div class="row"><div class="kc-elm kc-css-566855 col-12 col-md-6 column col-12 col-md-6"><div class="kc-col-container"><div class="kc-elm kc-css-581014 kc_text_block"></p>
<h4>Raccolta dei rifiuti nelle isole ecologiche</h4>
<p>I cittadini di Isola possono conferire le frazioni differenziate di rifiuti negli appositi cassonetti sistemati nelle cosiddette isole ecologiche – i punti di raccolta dei rifiuti.</p>
<p>I cassonetti destinati alle singole frazioni di rifiuti si distinguono per colore, alcuni sono anche contrassegnati con degli adesivi indicanti le singole tipologie ovvero frazioni di rifiuti.</p>
<p>
</div>
<div class="kc-elm kc-css-402034 kc-title-wrap ">

	<h2 class="kc_title">Requisiti e suggerimenti per l’allestimento dei punti di raccolta</h2>
</div>
<div class="kc-elm kc-css-665986 kc_text_block"></p>
<p>
<a href="/wp-content/uploads/2020/01/ZBIRALNICE-ODPADKOV.pdf">Scarica il file</a></p>
<p>
</div>
<div class="kc-elm kc-css-548233">
	<a class="kc_button btn btn-primary" href="https://www.komunala-izola.si/it/attivita/raccolta-e-smaltimento-dei-rifiuti/raccolta-dei-rifiuti-nelle-isole-ecologiche/" target="_self" title="" onclick="">
		Per saperne di più	</a>
</div>
</div></div><div class="kc-elm kc-css-836595 col-12 col-md-6 column col-12 col-md-6"><div class="kc-col-container"><div class="kc-elm kc-css-102818 kc_shortcode kc_single_image">

        <img decoding="async" src="https://www.komunala-izola.si/wp-content/uploads/2020/01/komunala0128.jpg" class="" alt="" />    </div>
</div></div></div></div></section><section class="kc-elm kc-css-903780 kc_row"><div class=" container"><div class="row"><div class="kc-elm kc-css-584010 col-12 col-md-6 column col-12 col-md-6"><div class="kc-col-container"><div class="kc-elm kc-css-427731 kc_shortcode kc_single_image">

        <img decoding="async" src="https://www.komunala-izola.si/wp-content/uploads/2020/02/123.jpg" class="" alt="" />    </div>
</div></div><div class="kc-elm kc-css-587545 col-12 col-md-6 column col-12 col-md-6"><div class="kc-col-container"><div class="kc-elm kc-css-967668 kc_text_block"></p>
<h4>Raccolta dei rifiuti in cassonetti/raccoglitori speciali</h4>
<p>Per la raccolta di rifiuti ingombranti, ramaglie e sfalci verdi provenienti da orti e giardini, rifiuti pericolosi nonché prodotti tessili e calzature usati vengono promosse apposite iniziative, nell’ambito delle quali tali rifiuti si possono conferire negli appositi cassonetti/raccoglitori speciali.</p>
<p>
</div>
<div class="kc-elm kc-css-993344">
	<a class="kc_button btn btn-primary" href="https://www.komunala-izola.si/it/attivita/raccolta-dei-rifiuti-in-cassonetti-raccoglitori-speciali/" target="_self" title="Raccolta dei rifiuti in cassonetti/raccoglitori speciali" onclick="">
		Per saperne di più	</a>
</div>
</div></div></div></div></section></p>
