{"id":2918,"date":"2019-12-17T16:11:19","date_gmt":"2019-12-17T15:11:19","guid":{"rendered":"https:\/\/www.komunala-izola.si\/dejavnosti-2-2\/trznica\/"},"modified":"2020-05-26T15:33:39","modified_gmt":"2020-05-26T13:33:39","slug":"mercato-alimentare","status":"publish","type":"page","link":"https:\/\/www.komunala-izola.si\/it\/attivita\/mercato-alimentare\/","title":{"rendered":"Mercato alimentare"},"content":{"rendered":"<section class=\"kc-elm kc-css-351733 kc_row\"><div class=\" container\"><div class=\"row\"><div class=\"kc-elm kc-css-772092 col-12 col-md-8 column col-12 col-md-8\"><div class=\"kc-col-container\"><div class=\"kc-elm kc-css-863639 kc_text_block\"><\/p>\n<h4>Il mercato di Isola \u00e8 ubicato in pieno centro, in Piazza Etbin Kristan.<\/h4>\n<p>L\u2019ubicazione del mercato dove quotidianamente si \u00e8 testimoni dell\u2019autentica vivacit\u00e0 della citt\u00e0, \u00e8 un unico punto d\u2019incontro e il luogo ideale per socializzare, sia per i cittadini che per altri visitatori della citt\u00e0.<\/p>\n<p>Sotto gli alberi che d\u2019estate offrono un piacevole riparo dal sole, arricchendo cos\u00ec ulteriormente l\u2019ubicazione, si trovano undici bancarelle dove i produttori locali e altri affittuari offrono frutta e verdura durante tutto l\u2019anno. L\u2019utilizzo delle bancarelle \u00e8 consentito dietro apposito contratto stipulato con il gestore del mercato, i.e. l\u2019azienda Komunala di Isola.<\/p>\n<p>La manutenzione delle infrastrutture e la cura dell&#8217;intera area del mercato rientrano tra le attivit\u00e0 dell\u2019UO Manutenzione ambiente.<\/p>\n<p>Nel 2018 l\u2019intero mercato alimentare \u00e8 stato ristrutturato: sono stati sostituiti i cordoli, \u00e8 stato riparato il lastricato della via che costeggia il lato sinistro del mercato nonch\u00e9 la pavimentazione attorno agli alberi i cui tronchi sono stati anche circondati da dei recinti; \u00e8 stato anche asfaltato il marciapiede lungo le bancarelle. Nel 2019 sono state ristrutturate anche le strutture portanti delle tettoie delle bancarelle e sostituire le stesse tettoie in PVC delle bancarelle.<\/p>\n<p>Gli eseguiti lavori di ristrutturazione garantiscono migliori condizioni di vendita, e hanno anche reso pi\u00f9 piacevole l\u2019aspetto del mercato.<\/p>\n<p>Tutti i requisiti e le condizioni relative al funzionamento del mercato alimentare sono definiti nel Decreto sull\u2019ordinamento di mercato \u2013 testo unico ufficiale (Bollettino ufficiale del Comune di Isola n. 3\/2018)<em>. <\/em><\/p>\n<h5>Le bancarelle sono a disposizione per noleggio anche per altri eventi e manifestazioni che si svolgono fuori dell\u2019area del mercato alimentare.<\/h5>\n<p>All\u2019atto di stipulazione del contratto di noleggio della bancarella, gli interessati al noleggio devono ottenere ed esibire al locatorie l\u2019Autorizzazione del Comune di Isola all\u2019uso della superficie pubblica \/ all\u2019occupazione di suolo pubblico.<\/p>\n<p>\n<\/div><\/div><\/div><div class=\"kc-elm kc-css-827821 col-12 col-md-4 column col-12 col-md-4\"><div class=\"kc-col-container\">\n<div class=\"kc-elm kc-css-219051 kc-title-wrap \">\n\n\t<h2 class=\"kc_title\">Numeri di contatto<\/h2>\n<\/div>\n\n<div class=\"kc-elm kc-css-136402 kc-title-wrap \">\n\n\t<h2 class=\"kc_title\">Informazioni riguardo al noleggio delle bancarelle<\/h2>\n<\/div>\n<div class=\"kc-elm kc-css-343823 kc_text_block\"><\/p>\n<p>05\/66 34 932<br \/>\n05\/66 34 950<\/p>\n<p>\n<\/div>\n<div class=\"kc-elm kc-css-836782 kc-title-wrap \">\n\n\t<h2 class=\"kc_title\">Orario del mercato<\/h2>\n<\/div>\n\n<div class=\"kc-elm kc-css-308755 kc-title-wrap \">\n\n\t<h2 class=\"kc_title\">Il mercato \u00e8 aperto tutti i giorni della settimana, nel rispetto del seguente orario:<\/h2>\n<\/div>\n<div class=\"kc-elm kc-css-482234 kc_text_block\"><\/p>\n<ul>\n<li>dal 1\u00b0 maggio al 30 settembre dalle 06.00 alle 13.00<\/li>\n<li>dal 1\u00b0 ottobre al 30 aprile dalle 07.00 alle 13.00<\/li>\n<\/ul>\n<p>\n<\/div>\n<div class=\"kc-elm kc-css-651232 kc-title-wrap \">\n\n\t<h2 class=\"kc_title\">I venditori titolari del contratto di noleggio delle bancarelle possono svolgere l\u2019attivit\u00e0 di vendita nel rispetto del seguente orario:<\/h2>\n<\/div>\n<div class=\"kc-elm kc-css-705131 kc_text_block\"><\/p>\n<ul>\n<li>dal 1\u00b0 maggio al 30 settembre dalle 06.00 alle 20.00<\/li>\n<li>dal 1\u00b0 ottobre al 30 aprile dalle 07.00 alle 16.00<\/li>\n<\/ul>\n<p>\n<\/div><\/div><\/div><\/div><\/div><\/section>\n","protected":false},"excerpt":{"rendered":"","protected":false},"author":6,"featured_media":1285,"parent":2859,"menu_order":0,"comment_status":"closed","ping_status":"closed","template":"page-templates\/fullwidthpage.php","meta":{"_acf_changed":false,"footnotes":""},"class_list":["post-2918","page","type-page","status-publish","has-post-thumbnail","hentry"],"acf":[],"_links":{"self":[{"href":"https:\/\/www.komunala-izola.si\/it\/wp-json\/wp\/v2\/pages\/2918","targetHints":{"allow":["GET"]}}],"collection":[{"href":"https:\/\/www.komunala-izola.si\/it\/wp-json\/wp\/v2\/pages"}],"about":[{"href":"https:\/\/www.komunala-izola.si\/it\/wp-json\/wp\/v2\/types\/page"}],"author":[{"embeddable":true,"href":"https:\/\/www.komunala-izola.si\/it\/wp-json\/wp\/v2\/users\/6"}],"replies":[{"embeddable":true,"href":"https:\/\/www.komunala-izola.si\/it\/wp-json\/wp\/v2\/comments?post=2918"}],"version-history":[{"count":0,"href":"https:\/\/www.komunala-izola.si\/it\/wp-json\/wp\/v2\/pages\/2918\/revisions"}],"up":[{"embeddable":true,"href":"https:\/\/www.komunala-izola.si\/it\/wp-json\/wp\/v2\/pages\/2859"}],"wp:featuredmedia":[{"embeddable":true,"href":"https:\/\/www.komunala-izola.si\/it\/wp-json\/wp\/v2\/media\/1285"}],"wp:attachment":[{"href":"https:\/\/www.komunala-izola.si\/it\/wp-json\/wp\/v2\/media?parent=2918"}],"curies":[{"name":"wp","href":"https:\/\/api.w.org\/{rel}","templated":true}]}}

<section class="kc-elm kc-css-351733 kc_row"><div class=" container"><div class="row"><div class="kc-elm kc-css-772092 col-12 col-md-8 column col-12 col-md-8"><div class="kc-col-container"><div class="kc-elm kc-css-863639 kc_text_block"></p>
<h4>Il mercato di Isola è ubicato in pieno centro, in Piazza Etbin Kristan.</h4>
<p>L’ubicazione del mercato dove quotidianamente si è testimoni dell’autentica vivacità della città, è un unico punto d’incontro e il luogo ideale per socializzare, sia per i cittadini che per altri visitatori della città.</p>
<p>Sotto gli alberi che d’estate offrono un piacevole riparo dal sole, arricchendo così ulteriormente l’ubicazione, si trovano undici bancarelle dove i produttori locali e altri affittuari offrono frutta e verdura durante tutto l’anno. L’utilizzo delle bancarelle è consentito dietro apposito contratto stipulato con il gestore del mercato, i.e. l’azienda Komunala di Isola.</p>
<p>La manutenzione delle infrastrutture e la cura dell&#8217;intera area del mercato rientrano tra le attività dell’UO Manutenzione ambiente.</p>
<p>Nel 2018 l’intero mercato alimentare è stato ristrutturato: sono stati sostituiti i cordoli, è stato riparato il lastricato della via che costeggia il lato sinistro del mercato nonché la pavimentazione attorno agli alberi i cui tronchi sono stati anche circondati da dei recinti; è stato anche asfaltato il marciapiede lungo le bancarelle. Nel 2019 sono state ristrutturate anche le strutture portanti delle tettoie delle bancarelle e sostituire le stesse tettoie in PVC delle bancarelle.</p>
<p>Gli eseguiti lavori di ristrutturazione garantiscono migliori condizioni di vendita, e hanno anche reso più piacevole l’aspetto del mercato.</p>
<p>Tutti i requisiti e le condizioni relative al funzionamento del mercato alimentare sono definiti nel Decreto sull’ordinamento di mercato – testo unico ufficiale (Bollettino ufficiale del Comune di Isola n. 3/2018)<em>. </em></p>
<h5>Le bancarelle sono a disposizione per noleggio anche per altri eventi e manifestazioni che si svolgono fuori dell’area del mercato alimentare.</h5>
<p>All’atto di stipulazione del contratto di noleggio della bancarella, gli interessati al noleggio devono ottenere ed esibire al locatorie l’Autorizzazione del Comune di Isola all’uso della superficie pubblica / all’occupazione di suolo pubblico.</p>
<p>
</div></div></div><div class="kc-elm kc-css-827821 col-12 col-md-4 column col-12 col-md-4"><div class="kc-col-container">
<div class="kc-elm kc-css-219051 kc-title-wrap ">

	<h2 class="kc_title">Numeri di contatto</h2>
</div>

<div class="kc-elm kc-css-136402 kc-title-wrap ">

	<h2 class="kc_title">Informazioni riguardo al noleggio delle bancarelle</h2>
</div>
<div class="kc-elm kc-css-343823 kc_text_block"></p>
<p>05/66 34 932<br />
05/66 34 950</p>
<p>
</div>
<div class="kc-elm kc-css-836782 kc-title-wrap ">

	<h2 class="kc_title">Orario del mercato</h2>
</div>

<div class="kc-elm kc-css-308755 kc-title-wrap ">

	<h2 class="kc_title">Il mercato è aperto tutti i giorni della settimana, nel rispetto del seguente orario:</h2>
</div>
<div class="kc-elm kc-css-482234 kc_text_block"></p>
<ul>
<li>dal 1° maggio al 30 settembre dalle 06.00 alle 13.00</li>
<li>dal 1° ottobre al 30 aprile dalle 07.00 alle 13.00</li>
</ul>
<p>
</div>
<div class="kc-elm kc-css-651232 kc-title-wrap ">

	<h2 class="kc_title">I venditori titolari del contratto di noleggio delle bancarelle possono svolgere l’attività di vendita nel rispetto del seguente orario:</h2>
</div>
<div class="kc-elm kc-css-705131 kc_text_block"></p>
<ul>
<li>dal 1° maggio al 30 settembre dalle 06.00 alle 20.00</li>
<li>dal 1° ottobre al 30 aprile dalle 07.00 alle 16.00</li>
</ul>
<p>
</div></div></div></div></div></section>
